{"id":107,"date":"2023-01-21T08:40:45","date_gmt":"2023-01-21T11:40:45","guid":{"rendered":"http:\/\/mastersparana.com.br\/associacao\/?page_id=107"},"modified":"2023-01-21T08:40:46","modified_gmt":"2023-01-21T11:40:46","slug":"historico","status":"publish","type":"page","link":"https:\/\/mastersparana.com.br\/associacao\/?page_id=107","title":{"rendered":"HIST\u00d3RICO"},"content":{"rendered":"<div id='av_section_1'  class='avia-section av-av_section-e72984d7d38aa3d67d084c0697520518 main_color avia-section-default avia-no-border-styling  avia-builder-el-0  avia-builder-el-no-sibling  avia-bg-style-scroll container_wrap sidebar_right'  ><div class='container av-section-cont-open' ><main  role=\"main\" itemprop=\"mainContentOfPage\"  class='template-page content  av-content-small alpha units'><div class='post-entry post-entry-type-page post-entry-107'><div class='entry-content-wrapper clearfix'>\n<div  class='flex_column av-av_one_full-a961ec8c42a44a397321d1a2224da3ca av_one_full  avia-builder-el-1  el_before_av_one_full  avia-builder-el-first  first flex_column_div  '     ><style type=\"text\/css\" data-created_by=\"avia_inline_auto\" id=\"style-css-av-ld57r4wa-e3df8fbd105fe7f629c7ae833297f291\">\n#top .av-special-heading.av-ld57r4wa-e3df8fbd105fe7f629c7ae833297f291{\npadding-bottom:10px;\n}\nbody .av-special-heading.av-ld57r4wa-e3df8fbd105fe7f629c7ae833297f291 .av-special-heading-tag .heading-char{\nfont-size:25px;\n}\n.av-special-heading.av-ld57r4wa-e3df8fbd105fe7f629c7ae833297f291 .av-subheading{\nfont-size:15px;\n}\n<\/style>\n<div  class='av-special-heading av-ld57r4wa-e3df8fbd105fe7f629c7ae833297f291 av-special-heading-h3  avia-builder-el-2  avia-builder-el-no-sibling '><h3 class='av-special-heading-tag '  itemprop=\"headline\"  >Hist\u00f3ria do Masters Paran\u00e1<\/h3><div class=\"special-heading-border\"><div class=\"special-heading-inner-border\"><\/div><\/div><\/div><\/div><div  class='flex_column av-av_one_full-a961ec8c42a44a397321d1a2224da3ca av_one_full  avia-builder-el-3  el_after_av_one_full  avia-builder-el-last  first flex_column_div  column-top-margin'     ><section  class='av_textblock_section av-ld57t734-400c15ca40d13e4f694296a3b0f904f2 '   itemscope=\"itemscope\" itemtype=\"https:\/\/schema.org\/CreativeWork\" ><div class='avia_textblock'  itemprop=\"text\" ><p><strong>ASSOCIA\u00c7\u00c3O MASTERS PARAN\u00c1<\/strong>\u00a0foi fundada em 2 de julho de 1990, quando foi eleita a sua primeira diretoria, assim composta:<\/p>\n<p><em><strong>H\u00e9lio Viana\u00a0\u00a0\u2013\u00a0Presidente<\/strong><\/em><br \/>\n<em><strong> Ant\u00f4nio Carlos de Paula Soares (Barney)\u00a0\u2013\u00a0Secret\u00e1rio<\/strong><\/em><br \/>\n<em><strong> Thomas Ogrizek\u00a0\u2013\u00a0Tesoureiro<\/strong><\/em><br \/>\n<em><strong> K\u00e1tia Weigang\u00a0\u2013\u00a0Dir. Social<\/strong><\/em><\/p>\n<p>O grande trabalho da diretoria, pioneira e fundadora, consistiu, n\u00e3o s\u00f3 na organiza\u00e7\u00e3o inicial da Associa\u00e7\u00e3o e na sua estrutura\u00e7\u00e3o como pessoa jur\u00eddica, mas, principalmente, em lan\u00e7ar os primeiros passos e imprimir a t\u00f4nica da amizade, do companheirismo e da participa\u00e7\u00e3o nas competi\u00e7\u00f5es do Master.<\/p>\n<p>A primeira gest\u00e3o encerrou-se no dia 3 de julho de 1991, quando foi eleita nova diretoria, presidida por\u00a0Rog\u00e9rio Castro Bahr, cuja administra\u00e7\u00e3o terminou no dia 25 de abril de 1992. Elegeu-se, ent\u00e3o, a terceira diretoria, ficando a presid\u00eancia confiada, desta feita, a\u00a0M\u00e1rcia Beatriz de Rezende, que conduziu os destinos da Associa\u00e7\u00e3o at\u00e9 meados de 1993.<\/p>\n<p>A partir de ent\u00e3o, as competi\u00e7\u00f5es do Master passaram a ser agendadas e organizadas pela pr\u00f3pria Federa\u00e7\u00e3o dos Desportos Aqu\u00e1ticos do Paran\u00e1. Como conseq\u00fc\u00eancia, a Associa\u00e7\u00e3o, esvaziada quanto \u00e0s suas finalidades, permaneceu em repouso, at\u00e9 o ano de 1999, quando voltou-se a discutir sobre a conveni\u00eancia de vir a assumir, novamente, a organiza\u00e7\u00e3o das competi\u00e7\u00f5es do Master.<\/p>\n<p>Assim, convocada toda a comunidade dos nadadores masters, decidiu-se que a Associa\u00e7\u00e3o retomaria o seu papel original de agendar e coordenar as atividades relacionadas com a nata\u00e7\u00e3o, que envolvessem os Masters do Paran\u00e1. A organiza\u00e7\u00e3o e a execu\u00e7\u00e3o dessa segunda fase que se iniciava foi confiada \u00e0 diretoria eleita no dia 29 de maio de 1999, agora, para uma gest\u00e3o de 2 anos. Essa diretoria, cujo mandato findou-se em maio do ano 2001, esteve assim composta:<\/p>\n<p><em><strong>Presidente:\u00a0Morel Wittig Bueno<\/strong><\/em><br \/>\n<em><strong> Secret\u00e1rio:\u00a0\u00a0\u00a0Zuudi Sakakihara<\/strong><\/em><br \/>\n<em><strong> Tesoureiro:\u00a0\u00a0\u00a0 Paulo Henrique Demchuck<\/strong><\/em><br \/>\n<em><strong> Dir. Social:\u00a0\u00a0\u00a0\u00a0\u00a0\u00a0 Regina Maria Schalkoski de Avila<\/strong><\/em><\/p>\n<p><em><strong>Conselho Fiscal:<\/strong><\/em><br \/>\n<em><strong> Eraldo M. Graeml<\/strong><\/em><\/p>\n<p><em><strong>Milton Ideriha<\/strong><\/em><br \/>\n<em><strong> Paulo Hip\u00f3lito Oliveira<\/strong><\/em><br \/>\n<em><strong> H\u00e9lio Viana<\/strong><\/em><br \/>\n<em><strong> Walter Correia Jr.<\/strong><\/em><\/p>\n<p><em><strong>Suplentes:<\/strong><\/em><br \/>\n<em><strong> Floriano Yabe<\/strong><\/em><br \/>\n<em><strong> Roseli F. Silva<\/strong><\/em><br \/>\n<em><strong> M\u00e1rio M. Macedo<\/strong><\/em><br \/>\n<em><strong> H\u00e9lio Ideriha<\/strong><\/em><br \/>\n<em><strong> Glauco Alves da Silva<\/strong><\/em><\/p>\n<p><strong>:: Destaques<\/strong><\/p>\n<p>Merecem destaque todas as diretorias que at\u00e9 hoje comandaram a Associa\u00e7\u00e3o, pela excel\u00eancia do trabalho realizado, com desprendimento e sacrif\u00edcio pessoal, que resultaram no sucesso dos eventos e na satisfa\u00e7\u00e3o de todos os atletas. Cada um dos nadadores merece, tamb\u00e9m, uma especial refer\u00eancia, porque, pela sua participa\u00e7\u00e3o muito contribuiu para fazer de cada competi\u00e7\u00e3o uma confraterniza\u00e7\u00e3o festiva entre as pessoas de todas as escolas e de todo o Estado, tornando realidade o principal ideal do Master.<\/p>\n<p>Todavia, sem desmerecer nenhum dos que comp\u00f5em o Masters do Paran\u00e1, deve ser dado um especial destaque \u00e0 atua\u00e7\u00e3o da primeira diretoria, comandada pelo amigo e companheiro\u00a0H\u00e9lio Viana, que soube encaminhar os primeiros passos da Associa\u00e7\u00e3o rec\u00e9m-criada e, ao mesmo tempo, realizar os eventos mais marcantes da vida da Associa\u00e7\u00e3o, no cen\u00e1rio regional e nacional.<\/p>\n<p>Finalmente, o Masters do Paran\u00e1 tem a sua hist\u00f3ria indissoluvelmente ligada \u00e0 figura de uma pessoa que foi o seu idealizador, seu grande incentivador e, ainda hoje, incondicional colaborador, sem o qual muitos dos eventos n\u00e3o poderiam ter sido realizados. Presen\u00e7a ass\u00eddua, amiga e alegre em todas as competi\u00e7\u00f5es,\u00a0C\u00e9lio Amaral\u00a0\u00e9 personalidade que n\u00e3o precisa ser destacada, pois destaca-se por si e pela sua atua\u00e7\u00e3o incans\u00e1vel e decisiva no desenvolvimento da nata\u00e7\u00e3o master no Paran\u00e1. A nata\u00e7\u00e3o master muito deve a C\u00e9lio Amaral.<\/p>\n<p>A todas essas pessoas, a Associa\u00e7\u00e3o Masters Paran\u00e1 rende homenagens e expressa a sua gratid\u00e3o.<\/p>\n<\/div><\/section><\/div><\/div><\/div><\/main><!-- close content main element --><\/div><\/div><div id='after_section_1'  class='main_color av_default_container_wrap container_wrap sidebar_right'  ><div class='container av-section-cont-open' ><div class='template-page content  av-content-small alpha units'><div class='post-entry post-entry-type-page post-entry-107'><div class='entry-content-wrapper clearfix'>\n","protected":false},"excerpt":{"rendered":"","protected":false},"author":1,"featured_media":0,"parent":0,"menu_order":0,"comment_status":"closed","ping_status":"closed","template":"","meta":{"footnotes":""},"class_list":["post-107","page","type-page","status-publish","hentry"],"_links":{"self":[{"href":"https:\/\/mastersparana.com.br\/associacao\/index.php?rest_route=\/wp\/v2\/pages\/107","targetHints":{"allow":["GET"]}}],"collection":[{"href":"https:\/\/mastersparana.com.br\/associacao\/index.php?rest_route=\/wp\/v2\/pages"}],"about":[{"href":"https:\/\/mastersparana.com.br\/associacao\/index.php?rest_route=\/wp\/v2\/types\/page"}],"author":[{"embeddable":true,"href":"https:\/\/mastersparana.com.br\/associacao\/index.php?rest_route=\/wp\/v2\/users\/1"}],"replies":[{"embeddable":true,"href":"https:\/\/mastersparana.com.br\/associacao\/index.php?rest_route=%2Fwp%2Fv2%2Fcomments&post=107"}],"version-history":[{"count":1,"href":"https:\/\/mastersparana.com.br\/associacao\/index.php?rest_route=\/wp\/v2\/pages\/107\/revisions"}],"predecessor-version":[{"id":111,"href":"https:\/\/mastersparana.com.br\/associacao\/index.php?rest_route=\/wp\/v2\/pages\/107\/revisions\/111"}],"wp:attachment":[{"href":"https:\/\/mastersparana.com.br\/associacao\/index.php?rest_route=%2Fwp%2Fv2%2Fmedia&parent=107"}],"curies":[{"name":"wp","href":"https:\/\/api.w.org\/{rel}","templated":true}]}}