{"id":1189,"date":"2025-01-17T14:11:08","date_gmt":"2025-01-17T17:11:08","guid":{"rendered":"https:\/\/mastersparana.com.br\/associacao\/?page_id=1189"},"modified":"2025-01-17T14:18:23","modified_gmt":"2025-01-17T17:18:23","slug":"homenagem","status":"publish","type":"page","link":"https:\/\/mastersparana.com.br\/associacao\/?page_id=1189","title":{"rendered":"homenagem"},"content":{"rendered":"<div  class='flex_column av-6io8px-838f183d9075f9caf3a2cd6889ede3e3 av_one_half  avia-builder-el-0  el_before_av_one_half  avia-builder-el-first  first flex_column_div  '     ><style type=\"text\/css\" data-created_by=\"avia_inline_auto\" id=\"style-css-av-m610daql-d90d3ba902978e5e5846e2284626f2bc\">\n.avia-image-container.av-m610daql-d90d3ba902978e5e5846e2284626f2bc img.avia_image{\nbox-shadow:none;\n}\n.avia-image-container.av-m610daql-d90d3ba902978e5e5846e2284626f2bc .av-image-caption-overlay-center{\ncolor:#ffffff;\n}\n<\/style>\n<div  class='avia-image-container av-m610daql-d90d3ba902978e5e5846e2284626f2bc av-styling- avia-align-center  avia-builder-el-1  avia-builder-el-no-sibling '   itemprop=\"image\" itemscope=\"itemscope\" itemtype=\"https:\/\/schema.org\/ImageObject\" ><div class=\"avia-image-container-inner\"><div class=\"avia-image-overlay-wrap\"><img decoding=\"async\" fetchpriority=\"high\" class='wp-image-1191 avia-img-lazy-loading-not-1191 avia_image ' src=\"https:\/\/mastersparana.com.br\/associacao\/wp-content\/uploads\/2025\/01\/morel-e-celio-1.jpg\" alt='' title='morel e celio 1'  height=\"891\" width=\"1172\"  itemprop=\"thumbnailUrl\" srcset=\"https:\/\/mastersparana.com.br\/associacao\/wp-content\/uploads\/2025\/01\/morel-e-celio-1.jpg 1172w, https:\/\/mastersparana.com.br\/associacao\/wp-content\/uploads\/2025\/01\/morel-e-celio-1-300x228.jpg 300w, https:\/\/mastersparana.com.br\/associacao\/wp-content\/uploads\/2025\/01\/morel-e-celio-1-1030x783.jpg 1030w, https:\/\/mastersparana.com.br\/associacao\/wp-content\/uploads\/2025\/01\/morel-e-celio-1-768x584.jpg 768w, https:\/\/mastersparana.com.br\/associacao\/wp-content\/uploads\/2025\/01\/morel-e-celio-1-705x536.jpg 705w\" sizes=\"(max-width: 1172px) 100vw, 1172px\" \/><\/div><\/div><\/div><\/div>\n<div  class='flex_column av-40i55h-975edce7bfce0a5364dab0094b430033 av_one_half  avia-builder-el-2  el_after_av_one_half  el_before_av_one_full  flex_column_div  '     ><section  class='av_textblock_section av-m610egzd-b027085069de9e2902faecd5ceb19d7d '   itemscope=\"itemscope\" itemtype=\"https:\/\/schema.org\/CreativeWork\" ><div class='avia_textblock'  itemprop=\"text\" ><h4><em>&#8220;O Morel estava \u00e0 frente da nata\u00e7\u00e3o Masters paranaense h\u00e1 mais de 20 anos.<\/em><br \/>\n<em> Sempre afirmei que a nata\u00e7\u00e3o Masters do Paran\u00e1 era aben\u00e7oada por t\u00ea- lo comandando todos os eventos e administrando de maneira l\u00edmpida, transparente e com excel\u00eancia tudo que fazia.<\/em><br \/>\n<em> Com tom conciliador e extremamente educado, atendia a tudo e a todos em todas as solicita\u00e7\u00f5es que lhe eram encaminhadas.<\/em><br \/>\n<em> Foi um precursor da mesa de frutas, a melhor que se poderia ter em eventos.<\/em><br \/>\n<em> Muito criterioso e organizado, conduziu n\u00e3o s\u00f3 uma institui\u00e7\u00e3o, mas foi o formador da grande fam\u00edlia da nata\u00e7\u00e3o Masters paranaense.<\/em><br \/>\n<em> Em todas as oportunidades que tive, sempre dizia:<\/em><br \/>\n<em> O Morel caiu do c\u00e9u.<\/em><br \/>\n<em> Agora o Morel voltou para o c\u00e9u e que DEUS o receba em sua nova morada.<\/em><br \/>\n<em> Guerreiro lutou muito nos \u00faltimos tempos contra essa doen\u00e7a impiedosa que insiste em levar as pessoas que aprendemos a amar.<\/em><br \/>\n<em> Descanse em paz ,meu amigo, meu irm\u00e3o.<\/em><br \/>\n<em> Que o SENHOR console a sua fam\u00edlia e sua companheira insepar\u00e1vel\u00a0\u00a0Beatriz.&#8221;<\/em><\/h4>\n<p>Obrigado C\u00e9lio Amaral pelo seu depoimento.<\/p>\n<\/div><\/section><\/div><div  class='flex_column av-2rek2t-e3448f724f3802cf47cba70af24ed42d av_one_full  avia-builder-el-4  el_after_av_one_half  avia-builder-el-last  first flex_column_div  column-top-margin'     ><div  class='avia-button-wrap av-m610fc4l-ec3dfd841340798dafea54ec9573d12a-wrap avia-button-center  avia-builder-el-5  avia-builder-el-no-sibling '><a href='http:\/\/mastersparana.com.br\/associacao\/?page_id=1146'  class='avia-button av-m610fc4l-ec3dfd841340798dafea54ec9573d12a av-link-btn avia-icon_select-no avia-size-large avia-position-center avia-color-theme-color'   aria-label=\"IR PARA O SITE\"><span class='avia_iconbox_title' >IR PARA O SITE<\/span><\/a><\/div><\/div><\/p>\n","protected":false},"excerpt":{"rendered":"","protected":false},"author":1,"featured_media":0,"parent":0,"menu_order":0,"comment_status":"closed","ping_status":"closed","template":"","meta":{"footnotes":""},"class_list":["post-1189","page","type-page","status-publish","hentry"],"_links":{"self":[{"href":"https:\/\/mastersparana.com.br\/associacao\/index.php?rest_route=\/wp\/v2\/pages\/1189","targetHints":{"allow":["GET"]}}],"collection":[{"href":"https:\/\/mastersparana.com.br\/associacao\/index.php?rest_route=\/wp\/v2\/pages"}],"about":[{"href":"https:\/\/mastersparana.com.br\/associacao\/index.php?rest_route=\/wp\/v2\/types\/page"}],"author":[{"embeddable":true,"href":"https:\/\/mastersparana.com.br\/associacao\/index.php?rest_route=\/wp\/v2\/users\/1"}],"replies":[{"embeddable":true,"href":"https:\/\/mastersparana.com.br\/associacao\/index.php?rest_route=%2Fwp%2Fv2%2Fcomments&post=1189"}],"version-history":[{"count":3,"href":"https:\/\/mastersparana.com.br\/associacao\/index.php?rest_route=\/wp\/v2\/pages\/1189\/revisions"}],"predecessor-version":[{"id":1196,"href":"https:\/\/mastersparana.com.br\/associacao\/index.php?rest_route=\/wp\/v2\/pages\/1189\/revisions\/1196"}],"wp:attachment":[{"href":"https:\/\/mastersparana.com.br\/associacao\/index.php?rest_route=%2Fwp%2Fv2%2Fmedia&parent=1189"}],"curies":[{"name":"wp","href":"https:\/\/api.w.org\/{rel}","templated":true}]}}